
What are the prime factors of 77104212?
2, 3, 6425351
What are the prime factors of 1978841675?
5, 79153667
List the prime factors of 95109895.
5, 1511, 12589
List the prime factors of 1765061994.
2, 3, 5309, 55411
List the prime factors of 104164420.
2, 5, 97, 53693
What are the prime factors of 214309186?
2, 7, 13, 503, 2341
What are the prime factors of 200787374?
2, 17, 109, 3187
What are the prime factors of 132587827?
4969, 26683
What are the prime factors of 1354562727?
3, 7, 64502987
List the prime factors of 466818019.
43, 2207, 4919
List the prime factors of 277169500.
2, 5, 491, 1129
What are the prime factors of 1879260015?
3, 5, 1129, 110969
What are the prime factors of 108154185?
3, 5, 53, 136043
List the prime factors of 1373563676.
2, 3853, 89123
What are the prime factors of 2771959381?
19, 103, 1416433
List the prime factors of 23119252.
2, 13, 17, 26153
What are the prime factors of 386900773?
7, 17, 191251
List the prime factors of 10972508.
2, 163, 16829
List the prime factors of 122990291.
17, 7234723
What are the prime factors of 7675064050?
2, 5, 8629, 17789
What are the prime factors of 30524461?
11, 61, 45491
List the prime factors of 80754276.
2, 3, 37, 239, 761
List the prime factors of 730989824.
2, 2855429
What are the prime factors of 8504040?
2, 3, 5, 70867
List the prime factors of 1028223865.
5, 839, 245107
What are the prime factors of 48772568?
2, 13, 468967
What are the prime factors of 130668634?
2, 223, 292979
List the prime factors of 236784801.
3, 11, 191, 37567
What are the prime factors of 732881734?
2, 13, 107, 263437
List the prime factors of 164599735.
5, 32919947
List the prime factors of 357487425.
3, 5, 176537
What are the prime factors of 1784379837?
3, 594793279
List the prime factors of 2241926446.
2, 83, 13505581
List the prime factors of 1908175805.
5, 381635161
What are the prime factors of 8040199005?
3, 5, 1873, 95393
What are the prime factors of 458825572?
2, 71, 1223, 1321
List the prime factors of 1319483425.
5, 13, 4059949
List the prime factors of 2895705686.
2, 433, 3343771
What are the prime factors of 38769762?
2, 3, 6461627
List the prime factors of 4041726959.
31, 61, 701, 3049
What are the prime factors of 64713575?
5, 2588543
What are the prime factors of 3696517904?
2, 97, 2381777
List the prime factors of 64745307.
3, 11, 653993
What are the prime factors of 4465672951?
277, 829, 19447
List the prime factors of 364594995.
3, 5, 8102111
List the prime factors of 4823638.
2, 1249, 1931
What are the prime factors of 145581041?
145581041
What are the prime factors of 1285372424?
2, 7, 2423, 9473
List the prime factors of 1976692107.
3, 13, 37, 105373
List the prime factors of 2600895550.
2, 5, 11, 383, 12347
What are the prime factors of 50580186?
2, 3, 8430031
What are the prime factors of 4678464375?
3, 5, 13, 137, 467
What are the prime factors of 81628408?
2, 19, 537029
List the prime factors of 95060931.
3, 7, 47, 13759
What are the prime factors of 239594440?
2, 5, 83, 72167
What are the prime factors of 26365344?
2, 3, 193, 1423
What are the prime factors of 1076531621?
11, 19, 5150869
List the prime factors of 9776193.
3, 7, 151, 3083
List the prime factors of 36182230.
2, 5, 7, 401, 1289
List the prime factors of 152034874.
2, 1033, 73589
List the prime factors of 89791708.
2, 22447927
What are the prime factors of 1066974225?
3, 5, 1453, 9791
What are the prime factors of 1878543136?
2, 58704473
What are the prime factors of 1080286664?
2, 135035833
What are the prime factors of 636276058?
2, 11, 28921639
What are the prime factors of 30339273?
3, 10113091
List the prime factors of 377768541.
3, 7741, 16267
What are the prime factors of 7250117993?
17, 1409, 302681
What are the prime factors of 677924000?
2, 5, 13, 13037
What are the prime factors of 169481723?
2621, 64663
What are the prime factors of 345278271?
3, 13, 8853289
List the prime factors of 6160461818.
2, 7, 23, 2521, 7589
What are the prime factors of 357781363?
151, 2369413
List the prime factors of 1685635845.
3, 5, 23, 4885901
What are the prime factors of 1305088078?
2, 7, 2383, 39119
What are the prime factors of 1635739113?
3, 29, 648331
List the prime factors of 26729182.
2, 47, 127, 2239
List the prime factors of 85025552.
2, 613, 8669
What are the prime factors of 2276763828?
2, 3, 17, 43, 277, 937
List the prime factors of 33757903.
17, 1985759
List the prime factors of 59549778.
2, 3, 3308321
List the prime factors of 45930024.
2, 3, 7, 37, 821
List the prime factors of 44387243.
1277, 34759
What are the prime factors of 361277581?
7, 379, 136177
List the prime factors of 77767476.
2, 3, 227, 28549
List the prime factors of 134145745.
5, 647, 41467
What are the prime factors of 293864259?
3, 13, 1709, 4409
What are the prime factors of 2201696541?
3, 11, 1783, 12473
What are the prime factors of 80221362?
2, 3, 13, 1028479
List the prime factors of 424642966.
2, 11, 17, 233, 443
What are the prime factors of 195215680?
2, 5, 11, 31, 1789
List the prime factors of 40893449.
17, 2405497
What are the prime factors of 3958213368?
2, 3, 103, 1601219
What are the prime factors of 554217353?
103, 5380751
What are the prime factors of 405023624?
2, 193, 262321
List the prime factors of 1044424996.
2, 53, 97, 50789
What are the prime factors of 567526863?
3, 23, 521, 15787
List the prime factors of 5304172090.
2, 5, 7, 10824841
List the prime factors of 240943851.
3, 139, 192601
What are the prime factors of 615605966?
2, 19, 16200157
List the prime factors of 882925829.
197, 4481857
List the prime factors of 725152599.
3, 80572511
List the prime factors of 4462526223.
3, 41, 67, 60167
What are the prime factors of 41605243?
5683, 7321
What are the prime factors of 187015177?
7759, 24103
List the prime factors of 275692293.
3, 3457, 8861
What are the prime factors of 978338938?
2, 11933, 40993
List the prime factors of 27034780.
2, 5, 1039, 1301
List the prime factors of 4044636087.
3, 1348212029
What are the prime factors of 153281394?
2, 3, 7, 67, 271
List the prime factors of 956594405.
5, 13, 757, 19441
List the prime factors of 3239339448.
2, 3, 4517, 29881
List the prime factors of 505082892.
2, 3, 109, 386149
List the prime factors of 142331411.
617, 230683
What are the prime factors of 6633845590?
2, 5, 7603, 87253
List the prime factors of 195504244.
2, 13, 911, 4127
List the prime factors of 109713370.
2, 5, 13, 761, 1109
What are the prime factors of 745799582?
2, 11, 109, 311009
What are the prime factors of 3099999536?
2, 83, 2334337
What are the prime factors of 54522250?
2, 5, 467
What are the prime factors of 10551354?
2, 3, 11, 159869
What are the prime factors of 8944315?
5, 1788863
What are the prime factors of 997656360?
2, 3, 5, 8313803
What are the prime factors of 751883359?
751883359
What are the prime factors of 80713353?
3, 7, 191, 20123
List the prime factors of 121790610.
2, 3, 5, 107, 12647
List the prime factors of 39107037.
3, 131, 151, 659
What are the prime factors of 230847400?
2, 5, 7, 181, 911
List the prime factors of 47321191.
19, 2490589
List the prime factors of 167471963.
2111, 79333
What are the prime factors of 70111355?
5, 14022271
List the prime factors of 389901143.
29, 47, 286061
List the prime factors of 43109563.
7, 823, 1069
What are the prime factors of 421875240?
2, 3, 5, 19, 41, 4513
What are the prime factors of 219417354?
2, 3, 13, 937681
What are the prime factors of 2206010353?
1319, 1672487
List the prime factors of 5396071755.
3, 5, 359738117
What are the prime factors of 2073655?
5, 414731
What are the prime factors of 1121021283?
3, 15629, 23909
What are the prime factors of 74199223?
7, 239, 44351
What are the prime factors of 590211116?
2, 11, 13413889
What are the prime factors of 541983916?
2, 135495979
List the prime factors of 26237150.
2, 5, 524743
List the prime factors of 3449105238.
2, 3, 41, 1663, 8431
What are the prime factors of 3251853822?
2, 3, 7, 77425091
List the prime factors of 3522546.
2, 3, 195697
List the prime factors of 2883451139.
2883451139
List the prime factors of 117688016.
2, 107, 68743
List the prime factors of 56700878.
2, 13, 2180803
List the prime factors of 48527040.
2, 3, 5, 50549
What are the prim